{"id":6996,"date":"2023-04-03T10:26:09","date_gmt":"2023-04-03T08:26:09","guid":{"rendered":"https:\/\/www.acousticsolution.cz\/akusticky-panel-mappyfiber-trace\/"},"modified":"2025-06-12T16:37:24","modified_gmt":"2025-06-12T14:37:24","slug":"akusticky-panel-mappyfiber-trace","status":"publish","type":"product","link":"https:\/\/www.acousticsolution.cz\/sk\/akusticky-panel-mappyfiber-trace\/","title":{"rendered":"Akustick\u00fd panel Mappyfiber Trace"},"content":{"rendered":"<p>Tento panel predstavuje cestu, ktor\u00fa ka\u017ed\u00fd z&nbsp;n\u00e1s zanech\u00e1 na ceste \u017eivotom, ako stopy v&nbsp;piesku medzi p\u00fa\u0161tnymi dunami. Tepl\u00fd a&nbsp;pr\u00edjemn\u00fd dizajn, ktor\u00fd n\u00e1m pripomenie, aby sme v\u017edy s\u00fastredili svoj poh\u013ead na obzor.<\/p>\n<p>Panely s\u00fa vyroben\u00e9 z&nbsp;recyklovan\u00e9ho polyesterov\u00e9ho vl\u00e1kna a&nbsp;potiahnut\u00e9 funk\u010dnou l\u00e1tkou. Materi\u00e1l okrem toho, \u017ee je ekologick\u00fd a&nbsp;vhodn\u00fd aj do vlhk\u00e9ho prostredia, m\u00e1 vysok\u00e9 technick\u00e9 vlastnosti zvukovej pohltivosti, ktor\u00e9 \u010dasom nedegraduj\u00fa.<\/p>\n<p>V\u00fdrobok m\u00e1 ozna\u010denie CE a&nbsp;m\u00e1 certifik\u00e1ciu BS1D0 pre reakciu na ohe\u0148.<\/p>\n<p>Priemer 790mm<\/p>\n<p>&nbsp;<\/p>\n","protected":false},"excerpt":{"rendered":"<p>Tento panel predstavuje cestu, ktor\u00fa ka\u017ed\u00fd z&nbsp;n\u00e1s zanech\u00e1 na ceste \u017eivotom, ako stopy v&nbsp;piesku medzi p\u00fa\u0161tnymi dunami. Tepl\u00fd a&nbsp;pr\u00edjemn\u00fd dizajn, ktor\u00fd n\u00e1m pripomenie, aby sme v\u017edy s\u00fastredili svoj poh\u013ead na obzor. Panely s\u00fa vyroben\u00e9 z&nbsp;recyklovan\u00e9ho polyesterov\u00e9ho vl\u00e1kna a&nbsp;potiahnut\u00e9 funk\u010dnou l\u00e1tkou. Materi\u00e1l okrem toho, \u017ee je ekologick\u00fd a&nbsp;vhodn\u00fd aj do vlhk\u00e9ho prostredia, m\u00e1 vysok\u00e9 technick\u00e9 vlastnosti [&hellip;]<\/p>\n","protected":false},"featured_media":5885,"template":"","meta":{"inline_featured_image":false},"product_cat":[196,197,192,193,194,195],"product_tag":[],"ucel":[158],"material":[156,152],"class_list":{"0":"post-6996","1":"product","2":"type-product","3":"status-publish","4":"has-post-thumbnail","6":"product_cat-akusticke-panely-sk","7":"product_cat-dizajnove-akusticke-panely","8":"product_cat-akustika-v-interieri","9":"product_cat-deca-collection-sk","10":"product_cat-luxusne-dizajnove-prvky-pre-akustiku","11":"product_cat-deca-collection-sk-2","12":"ucel-stena","13":"material-latka","14":"material-polyester","16":"first","17":"instock","18":"shipping-taxable","19":"purchasable","20":"product-type-variable"},"_links":{"self":[{"href":"https:\/\/www.acousticsolution.cz\/sk\/wp-json\/wp\/v2\/product\/6996","targetHints":{"allow":["GET"]}}],"collection":[{"href":"https:\/\/www.acousticsolution.cz\/sk\/wp-json\/wp\/v2\/product"}],"about":[{"href":"https:\/\/www.acousticsolution.cz\/sk\/wp-json\/wp\/v2\/types\/product"}],"wp:featuredmedia":[{"embeddable":true,"href":"https:\/\/www.acousticsolution.cz\/sk\/wp-json\/wp\/v2\/media\/5885"}],"wp:attachment":[{"href":"https:\/\/www.acousticsolution.cz\/sk\/wp-json\/wp\/v2\/media?parent=6996"}],"wp:term":[{"taxonomy":"product_cat","embeddable":true,"href":"https:\/\/www.acousticsolution.cz\/sk\/wp-json\/wp\/v2\/product_cat?post=6996"},{"taxonomy":"product_tag","embeddable":true,"href":"https:\/\/www.acousticsolution.cz\/sk\/wp-json\/wp\/v2\/product_tag?post=6996"},{"taxonomy":"ucel","embeddable":true,"href":"https:\/\/www.acousticsolution.cz\/sk\/wp-json\/wp\/v2\/ucel?post=6996"},{"taxonomy":"material","embeddable":true,"href":"https:\/\/www.acousticsolution.cz\/sk\/wp-json\/wp\/v2\/material?post=6996"}],"curies":[{"name":"wp","href":"https:\/\/api.w.org\/{rel}","templated":true}]}}

Akustický panel Mappyfiber Trace

<p>Tento panel predstavuje cestu, ktorú každý z&nbsp;nás zanechá na ceste životom, ako stopy v&nbsp;piesku medzi púštnymi dunami. Teplý a&nbsp;príjemný dizajn, ktorý nám pripomenie, aby sme vždy sústredili svoj pohľad na obzor.</p>
<p>Panely sú vyrobené z&nbsp;recyklovaného polyesterového vlákna a&nbsp;potiahnuté funkčnou látkou. Materiál okrem toho, že je ekologický a&nbsp;vhodný aj do vlhkého prostredia, má vysoké technické vlastnosti zvukovej pohltivosti, ktoré časom nedegradujú.</p>
<p>Výrobok má označenie CE a&nbsp;má certifikáciu BS1D0 pre reakciu na oheň.</p>
<p>Priemer 790mm</p>
<p>&nbsp;</p>

<p>Tento panel predstavuje cestu, ktorú každý z&nbsp;nás zanechá na ceste životom, ako stopy v&nbsp;piesku medzi púštnymi dunami. Teplý a&nbsp;príjemný dizajn, ktorý nám pripomenie, aby sme vždy sústredili svoj pohľad na obzor. Panely sú vyrobené z&nbsp;recyklovaného polyesterového vlákna a&nbsp;potiahnuté funkčnou látkou. Materiál okrem toho, že je ekologický a&nbsp;vhodný aj do vlhkého prostredia, má vysoké technické vlastnosti [&hellip;]</p>
