{"id":2376,"date":"2023-03-21T09:29:58","date_gmt":"2023-03-21T08:29:58","guid":{"rendered":"https:\/\/www.acousticsolution.cz\/?post_type=reference&#038;p=2376"},"modified":"2023-05-18T10:25:10","modified_gmt":"2023-05-18T08:25:10","slug":"cekarna-ordinace-praktickeho-lekare-brantice","status":"publish","type":"reference","link":"https:\/\/www.acousticsolution.cz\/sk\/reference\/cekarna-ordinace-praktickeho-lekare-brantice\/","title":{"rendered":"\u010cek\u00e1rna \u2013 ordinace praktick\u00e9ho l\u00e9ka\u0159e Brantice"},"content":{"rendered":"<p>Hledali jsme \u0159e\u0161en\u00ed, jak z\u00fatulnit \u010dek\u00e1rnu praktick\u00e9ho l\u00e9ka\u0159e. Rozhodli jsme se pro n\u00e1vrh firmy Acoustic Solution \u2013 pou\u017eit\u00ed akustick\u00fdch panel\u016f na strop a&nbsp;akustick\u00fdch obraz\u016f na st\u011bny \u010dek\u00e1rny a&nbsp;z&nbsp;v\u00fdsledku jsme nad\u0161en\u00ed. Vy\u0159e\u0161il se hlavn\u00ed probl\u00e9m s&nbsp;ozv\u011bnou a&nbsp;d\u00edky t\u00e9maticky zam\u011b\u0159en\u00fdm obraz\u016fm se v&nbsp;nov\u00e9m prost\u0159ed\u00ed pacienti c\u00edt\u00ed daleko p\u0159\u00edjemn\u011bji.<\/p>","protected":false},"template":"","kraje":[129],"class_list":["post-2376","reference","type-reference","status-publish","hentry","kraje-moravskoslezsky"],"_links":{"self":[{"href":"https:\/\/www.acousticsolution.cz\/sk\/wp-json\/wp\/v2\/reference\/2376","targetHints":{"allow":["GET"]}}],"collection":[{"href":"https:\/\/www.acousticsolution.cz\/sk\/wp-json\/wp\/v2\/reference"}],"about":[{"href":"https:\/\/www.acousticsolution.cz\/sk\/wp-json\/wp\/v2\/types\/reference"}],"wp:attachment":[{"href":"https:\/\/www.acousticsolution.cz\/sk\/wp-json\/wp\/v2\/media?parent=2376"}],"wp:term":[{"taxonomy":"kraje","embeddable":true,"href":"https:\/\/www.acousticsolution.cz\/sk\/wp-json\/wp\/v2\/kraje?post=2376"}],"curies":[{"name":"wp","href":"https:\/\/api.w.org\/{rel}","templated":true}]}}

Čekárna – ordinace praktického lékaře Brantice

<p>Hledali jsme řešení, jak zútulnit čekárnu praktického lékaře. Rozhodli jsme se pro návrh firmy Acoustic Solution – použití akustických panelů na strop a&nbsp;akustických obrazů na stěny čekárny a&nbsp;z&nbsp;výsledku jsme nadšení. Vyřešil se hlavní problém s&nbsp;ozvěnou a&nbsp;díky tématicky zaměřeným obrazům se v&nbsp;novém prostředí pacienti cítí daleko příjemněji.</p>
