{"id":3114,"date":"2023-05-12T14:00:15","date_gmt":"2023-05-12T12:00:15","guid":{"rendered":"https:\/\/www.acousticsolution.cz\/?post_type=reference&#038;p=3114"},"modified":"2023-05-18T10:23:39","modified_gmt":"2023-05-18T08:23:39","slug":"sps-zememericka-a-geograficke-gymnazium-praha","status":"publish","type":"reference","link":"https:\/\/www.acousticsolution.cz\/sk\/reference\/sps-zememericka-a-geograficke-gymnazium-praha\/","title":{"rendered":"SP\u0160 zem\u011bm\u011b\u0159ick\u00e1 a&nbsp;Geografick\u00e9 gymn\u00e1zium Praha"},"content":{"rendered":"<p>V u\u010debn\u011b ciz\u00edch jazyk\u016f se po instalaci panel\u016f v\u00fdrazn\u011b zlep\u0161ily akustick\u00e9 pom\u011bry a&nbsp;podm\u00ednky pro v\u00fduku. Potisk panel\u016f d\u00e1v\u00e1 mo\u017enost zlep\u0161it celkov\u00fd estetick\u00fd dojem a&nbsp;vhodn\u011b zvolenou grafiku lze vyu\u017e\u00edt i&nbsp;jako u\u010debn\u00ed pom\u016fcku p\u0159i v\u00fduce.<\/p><p>D\u011bkujeme a&nbsp;za kvalitn\u00ed a&nbsp;rychl\u00e9 proveden\u00ed prac\u00ed.<\/p>","protected":false},"template":"","kraje":[115],"class_list":["post-3114","reference","type-reference","status-publish","hentry","kraje-hlavni-mesto-praha"],"_links":{"self":[{"href":"https:\/\/www.acousticsolution.cz\/sk\/wp-json\/wp\/v2\/reference\/3114","targetHints":{"allow":["GET"]}}],"collection":[{"href":"https:\/\/www.acousticsolution.cz\/sk\/wp-json\/wp\/v2\/reference"}],"about":[{"href":"https:\/\/www.acousticsolution.cz\/sk\/wp-json\/wp\/v2\/types\/reference"}],"wp:attachment":[{"href":"https:\/\/www.acousticsolution.cz\/sk\/wp-json\/wp\/v2\/media?parent=3114"}],"wp:term":[{"taxonomy":"kraje","embeddable":true,"href":"https:\/\/www.acousticsolution.cz\/sk\/wp-json\/wp\/v2\/kraje?post=3114"}],"curies":[{"name":"wp","href":"https:\/\/api.w.org\/{rel}","templated":true}]}}

SPŠ zeměměřická a&nbsp;Geografické gymnázium Praha

<p>V učebně cizích jazyků se po instalaci panelů výrazně zlepšily akustické poměry a&nbsp;podmínky pro výuku. Potisk panelů dává možnost zlepšit celkový estetický dojem a&nbsp;vhodně zvolenou grafiku lze využít i&nbsp;jako učební pomůcku při výuce.</p><p>Děkujeme a&nbsp;za kvalitní a&nbsp;rychlé provedení prací.</p>
