{"id":4034,"date":"2023-05-17T12:30:11","date_gmt":"2023-05-17T10:30:11","guid":{"rendered":"https:\/\/www.acousticsolution.cz\/?post_type=reference&#038;p=4034"},"modified":"2023-05-18T10:21:21","modified_gmt":"2023-05-18T08:21:21","slug":"zs-cercany","status":"publish","type":"reference","link":"https:\/\/www.acousticsolution.cz\/sk\/reference\/zs-cercany\/","title":{"rendered":"Z\u0160 \u010cer\u010dany"},"content":{"rendered":"<p>V r\u00e1mci projektu modernizace stravov\u00e1n\u00ed ve \u0161koln\u00ed j\u00eddeln\u011b p\u0159i Z\u00e1kladn\u00ed \u0161kole \u010cer\u010dany jsme d\u00edky \u0159e\u0161en\u00ed Acoustic Solution provedli odhlu\u010dn\u011bn\u00ed t\u011bchto stravovac\u00edch prostor. Kone\u010dn\u00fd v\u00fdsledek a&nbsp;efekt je vynikaj\u00edc\u00ed. Ve\u0161ker\u00e1 spolupr\u00e1ce &#8211; po\u010d\u00ednaje p\u0159\u00edpravn\u00fdmi pracemi, samotnou instalac\u00ed, lze nazvat jako p\u0159\u00edkladnou a&nbsp;profesion\u00e1ln\u00ed, bez jak\u00fdchkoliv nedostatk\u016f. D\u011bkujeme a&nbsp;budeme se t\u011b\u0161it na spolupr\u00e1ci, na budouc\u00edch spole\u010dn\u00fdch projektech.<\/p>","protected":false},"template":"","kraje":[116],"class_list":["post-4034","reference","type-reference","status-publish","hentry","kraje-stredocesky"],"_links":{"self":[{"href":"https:\/\/www.acousticsolution.cz\/sk\/wp-json\/wp\/v2\/reference\/4034","targetHints":{"allow":["GET"]}}],"collection":[{"href":"https:\/\/www.acousticsolution.cz\/sk\/wp-json\/wp\/v2\/reference"}],"about":[{"href":"https:\/\/www.acousticsolution.cz\/sk\/wp-json\/wp\/v2\/types\/reference"}],"wp:attachment":[{"href":"https:\/\/www.acousticsolution.cz\/sk\/wp-json\/wp\/v2\/media?parent=4034"}],"wp:term":[{"taxonomy":"kraje","embeddable":true,"href":"https:\/\/www.acousticsolution.cz\/sk\/wp-json\/wp\/v2\/kraje?post=4034"}],"curies":[{"name":"wp","href":"https:\/\/api.w.org\/{rel}","templated":true}]}}

ZŠ Čerčany

<p>V rámci projektu modernizace stravování ve školní jídelně při Základní škole Čerčany jsme díky řešení Acoustic Solution provedli odhlučnění těchto stravovacích prostor. Konečný výsledek a&nbsp;efekt je vynikající. Veškerá spolupráce &#8211; počínaje přípravnými pracemi, samotnou instalací, lze nazvat jako příkladnou a&nbsp;profesionální, bez jakýchkoliv nedostatků. Děkujeme a&nbsp;budeme se těšit na spolupráci, na budoucích společných projektech.</p>
